 3. Suppose -2*d = -d + b*i - 10, 5*i - 19 = -4*d. What is the units digit of d?
1
Suppose 5*w = -45 + 375. What is the tens digit of w?
6
Let w(j) = 5*j - 20. Let c = 11 - 2. What is the tens digit of w(c)?
2
Suppose -5*c = -20 - 50. What is the units digit of 4/(-14) - (-74)/c?
5
Let f(v) = -v**2 - v + 4. Let y be (-4)/(-18) - (-2)/(-9). Let z be f(y). Suppose 20 = z*l - s, 0 = 2*l + s - 0 - 16. What is the units digit of l?
6
Let v(u) = -4*u + 6. Let o(k) = k. Let d(g) = 3*o(g) + v(g). Suppose -5*m - 3*a + 20 = 0, -4*a - 8 = -2*m - 2*a. What is the units digit of d(m)?
2
Let t(i) = -i**3 + 3*i**2 + i + 0 + 0*i - 2. Let u be t(3). Let a = u + 7. What is the units digit of a?
8
Let j = 12 + -9. Suppose -c = p + 2*c + 10, 22 = -j*p - c. Let r = p - -22. What is the units digit of r?
5
Suppose 5*y + 0 = 5. What is the tens digit of (-12 - -11)*(y + -28)?
2
Let t(j) = -j**2 - 1. Let o(y) = -13*y**2 + y + 5. Let x(w) = -o(w) - 5*t(w). Let p = -40 - -39. What is the tens digit of x(p)?
1
Let n(f) = -f**2 - 8*f - 9. Let p be n(-6). Let v = p + 2. What is the units digit of v?
5
Suppose 5*t - 56 = 154. What is the units digit of t?
2
Let j(f) = -f**3 + 11*f**2 + f + 17. What is the hundreds digit of j(8)?
2
Let i be (2/6)/(1/9). Suppose -i*g + 5 = 2*g. What is the units digit of g?
1
Suppose -4*l = -11 + 3. Let v(b) = -b**2 + 5*b. Let u be v(4). Suppose -5*o + o + u*r = -48, -5*o - l*r = -60. What is the tens digit of o?
1
Suppose 20 + 21 = o. What is the tens digit of o?
4
Suppose -12*z + 0*z + 996 = 0. What is the tens digit of z?
8
Suppose 4 = 2*i - 0*i. Suppose -t - 3*q + 36 = 0, -i*t - 5*q - 200 = -7*t. What is the tens digit of t?
3
Suppose 5*p = -3*s + 13, -s - 4*p - 1 = -3. Suppose 0 = -2*l + 3*t - 11, t + 11 = -3*l - 0*l. Let d = s + l. What is the units digit of d?
2
Let p(l) = l**2 - 5*l + l + 9 + 10*l. What is the units digit of p(-6)?
9
Let p = 101 + -68. What is the units digit of p?
3
Suppose -2*r + 5*b + 31 = 7, 4*r - 4*b = 24. Suppose 0 = r*n + 2*i - 7*i - 16, 4*n - 32 = 3*i. What is the units digit of n?
8
Suppose -105 = -3*m + 18. What is the units digit of m?
1
Suppose 4*a + 112 = 4*m, 5*a - 127 - 21 = -4*m. Suppose -4*u = -m - 16. Let j = 22 - u. What is the tens digit of j?
1
Let c(k) = -k**3 - 9*k**2 - 13*k - 6. Let t(f) = f**3 + 9*f**2 + 12*f + 7. Let z(s) = 3*c(s) + 4*t(s). Suppose -13 = 4*r + 19. What is the units digit of z(r)?
2
Let j(m) be the third derivative of m**5/60 - m**4/8 + m**3/3 - 4*m**2. What is the units digit of j(3)?
2
Let c = -146 + 248. What is the tens digit of c?
0
Suppose p - 26 = -p. Let m = 27 - p. What is the tens digit of m?
1
Suppose -j = -3*j - 4*k - 36, -4*j + 3*k - 83 = 0. What is the tens digit of 4/j + (-172)/(-10)?
1
Suppose 3*b = -13 - 23. Let p = b + 20. What is the units digit of p?
8
Let w(p) = p**2 + 6*p + 2. Let x be w(-6). Let j be 0/(-1*x/(-2)). Suppose j = 5*c - 17 - 13. What is the units digit of c?
6
Let r(t) = t + 15. What is the tens digit of r(0)?
1
Let s = -1 + 1. Suppose 2*y + y = s. Suppose -3*l + y*l + 9 = 0. What is the units digit of l?
3
Let f(h) = 22*h. Let x be f(2). Suppose -3*q - k + 15 + 5 = 0, -x = -5*q + k. What is the units digit of q?
8
Suppose -4*u + 103 = -3*u. What is the units digit of u?
3
Let r(s) = -80*s - 3. What is the units digit of r(-1)?
7
Suppose -l + 16 = -2*a + 5*a, 0 = -3*a + 2*l + 22. Suppose a = 5*y + 1. What is the units digit of y?
1
Let p(l) = l**2 - l + 2. Let o be p(2). Suppose -m + 3*u + 63 = 4*m, o*m = -u + 47. What is the tens digit of m?
1
Let s(m) = m**3 + 6*m**2 + m + 1. Let v be (-28)/(-16) + 2/8. Suppose -4*t - 28 = 4*a, 0*t + 5*a + 20 = -v*t. What is the units digit of s(t)?
1
Suppose -5*u = -61 + 16. Suppose 0 = -2*p - 5*q + 33, -4*q + 7 = -p - u. Suppose -p*v = -20 - 20. What is the tens digit of v?
1
Suppose -l - 15 = -6*l. Suppose l*y - 39 + 3 = 0. What is the tens digit of y?
1
Let i = -2 - 0. Let p(k) = -4*k**3. What is the tens digit of p(i)?
3
Suppose 0 = -i - 2*i + 9. Suppose 0 = 2*c + h + i, 2*h + 3 = -7. What is the units digit of 5 + 3 + (-2)/c?
6
Let g(j) = j**3 - 5*j**2 + 2*j - 12. Let k(b) = -b**3 - b - 4. Let x be k(-2). What is the units digit of g(x)?
6
Suppose 3*k = -0*k - 9, -66 = -3*p - 4*k. What is the tens digit of p?
2
Let v be (-10)/4*(-42)/15. Let o(z) = z**3 - 6*z**2 - 7*z + 6. Let d be o(v). Let m = d - 2. What is the units digit of m?
4
Let q(i) = 2*i**3 - 3*i**2 - i - 5. What is the units digit of q(4)?
1
Suppose -4*p + 2*p + 8 = 0. What is the units digit of p?
4
Let y = 525 + -333. What is the hundreds digit of y?
1
Let n = 282 - -34. What is the units digit of n?
6
Let t = 457 - 214. What is the hundreds digit of t?
2
Let x(u) be the second derivative of -u**4/12 - u**3 + 3*u**2 + 5*u. Let k(g) = -g**2 + 3*g + 4. Let y be k(5). What is the units digit of x(y)?
6
Suppose 0 = 4*x, 2*b + 2*x + 5 = 3*b. Suppose -2*l + 0*l + 55 = -b*p, -5*p - 25 = 0. What is the tens digit of l?
1
Suppose 3*j - 48 - 36 = 0. What is the units digit of j?
8
Suppose 5*v - 3*z - 220 = 0, -2*v + 3*z - 32 = -120. What is the units digit of v?
4
Let y(i) = i**3 + 5*i**2 - i + 2. Suppose v + 4*b + 3 = 0, -4*v - 3*b + 5 = -9. Suppose 2*s = -5*m - 10, v = -s - 7*m + 2*m. What is the units digit of y(s)?
7
Let w = -34 - -122. What is the units digit of w?
8
Let k = 25 - -3. What is the units digit of k?
8
Let o(x) = 237*x - 3. What is the units digit of o(1)?
4
Let f = 6 + 14. Suppose -6*a + 2*a + f = 0. What is the units digit of a?
5
Let s = -11 - -6. Let z = s + 6. What is the tens digit of z/(24/22 + -1)?
1
Let y = 1 + 2. Suppose -3*z + 4*h = 10, 0 = z - h + y*h. What is the units digit of (-7)/3*(-1 + z)?
7
Let a = 487 - 299. What is the units digit of (1 + 0)*a/4?
7
Let b = -6 + 10. Let o be 10 - (-2)/b*-6. Let w(z) = -z**3 + 8*z**2 - 5*z - 2. What is the tens digit of w(o)?
1
Suppose 13*q + 31 = 14*q. What is the units digit of q?
1
Suppose 0 = 2*m + 14 - 118. Let q = m + -26. What is the units digit of q?
6
Suppose -12*t - 2 = -11*t. What is the units digit of t/(-9) + (-528)/(-54)?
0
Let r(s) = -s**3 + 9*s**2 + 9*s + 12. Let m be r(10). Suppose -f + 6 + m = 0. Let z = -5 + f. What is the units digit of z?
3
Suppose -147 = -3*l + 423. What is the tens digit of l?
9
Suppose 2*c + 3*c - 10 = 0. Let y be (-1)/(c*3/(-30)). Suppose -y*a + 35 = 4*s, 5*s - s = a + 17. What is the units digit of a?
3
Let b(k) = -k**3 - 7*k**2 - 4*k - 9. What is the tens digit of b(-7)?
1
Let f(x) = -4*x + 2*x**3 - 3*x**3 - 5*x**2 - 1 + 2*x - 2*x**2. What is the units digit of f(-7)?
3
Let v = 146 - 36. What is the units digit of v?
0
Let m(t) = -2*t + 5. What is the tens digit of m(-9)?
2
Suppose 50 = -a + 6*a. What is the units digit of a?
0
Suppose 0 = g - 9 - 3. What is the tens digit of g?
1
Suppose -4*p + 0*p = 4. Suppose 0 = -3*y + 4*u + 25, 4*u - 17 = -y - 2*y. Let n = y + p. What is the units digit of n?
6
Let b(m) = m**2 - 2*m - 1. What is the units digit of b(8)?
7
Let c(i) = -34*i. Let z be c(-1). Let j = -15 + z. Let n = j - 11. What is the units digit of n?
8
Suppose -2*n - 2*n = -28. What is the units digit of n?
7
Suppose 0*c + 8 = 4*c. Let x be (-3)/(-1) - -2 - c. Suppose x = 3*w - 18. What is the units digit of w?
7
Suppose -s + i = 2*s - 13, 0 = -s - 4*i. Suppose -s = -10*p + 9*p. What is the units digit of p?
4
Suppose 0 = -w - f + 295, 0 = w + f + 2*f - 303. What is the units digit of w?
1
What is the units digit of 6/((-6)/(-152) + 0)?
2
Let k be (-2)/((-4)/8*1). What is the units digit of 1*-70*k/(-10)?
8
Let w be 1/(-4*3/(-336)). Suppose -3*b - 7 = -w. What is the units digit of b?
7
Let r = -181 - -311. What is the units digit of r?
0
Suppose 0*o + 10 = 2*o. Suppose -2*g = 3*u + 15, -15 = 2*u + u + g. What is the tens digit of (0 - -3) + (o - u)?
1
Suppose -3*w - 2*p - 58 = 0, 0 = -4*w + 5*p - 41 + 2. Let x be -4*38/12*6. What is the units digit of x/w - (-2)/8?
5
Suppose 6 = 3*d + 3*i, 4*d + 4*i = d + 1. Let z = d + -7. Suppose -3*o + 41 + 4 = z. What is the tens digit of o?
1
Let g be (-404)/(-12) - (-4)/(-6). Suppose -g = -4*c + s, 0 = 4*c - 0*s + 4*s - 28. What is the units digit of c?
8
Let o(m) = m**2 + 2*m - 3. Let a be o(-3). Suppose a*s = s - 35. Let q = s - 24. What is the tens digit of q?
1
Suppose k - 2*f =